 is the tens digit of q(4)?
4
Let j(w) = -w**3 + 4*w**2 + 5*w - 5. Let v be j(5). What is the tens digit of v/(20/(-136))*(-22)/(-4)?
8
Let v = 189 - -22. What is the units digit of v?
1
Suppose i = -5*x - 39, -5*x + 3*x + 30 = -2*i. What is the units digit of (-4 + i)/((-3)/9)?
9
Let k = 1 - 1. Let a be (k + -3)*(-3)/3. Suppose 2*i = a*i - 1. What is the units digit of i?
1
What is the tens digit of (1090/(-8))/((-12)/48)?
4
Let l = 395 - 181. Let i = -148 + l. What is the tens digit of i?
6
Let k(f) = 84*f - 47. Let q be k(6). Suppose -g + q = 2*g - 4*i, -3*g + 5*i + 461 = 0. What is the units digit of g?
7
Suppose -114*u - 3160 = -117*u - d, -4*u + 4*d = -4224. What is the tens digit of u?
5
Let i = -22 - -22. Suppose -q - 4 - 2 = i. What is the units digit of -2 - q - -81 - 4?
1
Let k(u) be the second derivative of 3*u**4/4 + u**3/2 - 2*u**2 - 13*u. What is the tens digit of k(-3)?
6
Let t(c) = 152*c**2 - 10*c - 1. What is the tens digit of t(1)?
4
Suppose -2*j + 3*j - 139 = 0. Suppose -5*p = -20, 2*o - 4*p - j = -3*o. What is the tens digit of o?
3
Let o(p) = -p + 12. Let h be o(7). Let v = -5 + 10. Suppose k = -4*k - u + 63, -55 = -v*k - h*u. What is the units digit of k?
3
Let i = 331 + 169. What is the units digit of i?
0
Suppose b = -43*i + 42*i + 4701, i - 3 = 0. What is the units digit of b?
8
Let n be (121/44)/(1/(-4)). Let a = -8 - n. What is the tens digit of (a/(-12) + 1)*24?
1
Suppose 5*k - 6 = 29. Suppose -k = 3*g + 14. Let f(z) = -z**2 - 7*z + 9. What is the units digit of f(g)?
9
Suppose 3*t + 2*t + 200 = 0. Let b = t - -61. What is the tens digit of b?
2
Let j = -1473 + 2795. What is the tens digit of j?
2
Let p(g) = 23*g**2 - 42*g. What is the thousands digit of p(-9)?
2
Suppose 4*k = h + 11, k + 3*h = -2*k + 27. Suppose -i = k*z - 310, -z - i = z - 156. What is the tens digit of z?
7
Let h(g) = g**3 + 6*g**2 - 3*g + 17. Let i(l) = l**2 - l. Let m(n) = h(n) - 5*i(n). Let z be m(0). Let u = z + -4. What is the tens digit of u?
1
Let n be (1 - -1)*(-4)/4. Let k be 1 + 88 - (n - 1). Suppose 4*r + 4*o - k = 0, -2*r = 2*r - 4*o - 116. What is the units digit of r?
6
What is the units digit of ((-1178)/4)/((-8)/16)?
9
Suppose -10 = -2*l, 8 = -5*j + l + 3. Suppose f - 14 - 20 = j. What is the units digit of f?
4
Let x = 20 - 16. Suppose -5 + 1 = 2*s, f - 12 = -x*s. Let d = f + 4. What is the units digit of d?
4
Let t be 0*2*3/6. Suppose 4*d + t*d = 208. What is the units digit of d?
2
Let f be 273/(-56) + 1/(-8). What is the units digit of (-4368)/(-40) + 1/f?
9
Let p be 3 - ((-22)/(-10) - (-1)/(-5)). What is the hundreds digit of 36/((p - (-5)/(-3)) + 1)?
1
Let j be (10/(-6))/(3/(-9)). Let h = 6 - j. Let g(n) = 21*n + 1. What is the units digit of g(h)?
2
Suppose 0 = -3*q - 76 - 389. Let w = -85 - q. Suppose y - 2*d = 55, y + 2*d = 7*d + w. What is the tens digit of y?
4
Let c = 195 + -51. Suppose 30*s - 28*s = c. What is the units digit of s?
2
Let x(a) = a**3 + 11*a**2 - 10*a + 9. Let v(y) = -y**3 - 12*y**2 + 10*y - 8. Let c(k) = -5*v(k) - 4*x(k). What is the units digit of c(-16)?
4
Suppose 2*x + 2*j + 82 = 0, 3*x + 5*j + 60 = -61. What is the tens digit of (51/34)/((-1)/x)?
6
Let i be (-13415)/(-20) + (-9)/12. Suppose -i = -9*y + 7*y. What is the hundreds digit of y?
3
Let z(h) = -10*h - 157. What is the units digit of z(-17)?
3
Let z(b) = -8*b - 1. Let x be z(1). Let a be 2/(-9) + 340/x. Let g = -6 - a. What is the units digit of g?
2
Let p be (0*(-2)/4)/(-3). Suppose 4*i + 4*z - 204 = p, -z = 5*i + z - 255. Let j = i + -35. What is the units digit of j?
6
Let p(s) = s**2 + 3*s - 4. Let j be p(-5). Let x be 14/j*(-4 + 7). Suppose -6*u + x*u = 55. What is the tens digit of u?
5
Let p(x) be the second derivative of -x**5/20 + x**4/12 - x**3/6 + 19*x**2/2 - 30*x. What is the units digit of p(0)?
9
What is the thousands digit of (-239393)/(-44) + 5/4?
5
Let h(f) be the third derivative of -3*f**4/4 - 11*f**3/6 - 16*f**2. What is the units digit of h(-5)?
9
Let n(l) = -l**2 - 2. Let q be n(-5). Let h = 123 + q. What is the units digit of h?
6
Let w be ((-9)/((-189)/28))/(2/12). Suppose w*t + 184 = 10*t. What is the tens digit of t?
9
Let v be -2 + 15/5 + 5 + -1. Suppose -3*k + 481 = v*d, 5*d = 5*k + 3*d - 781. What is the tens digit of k?
5
Let m(v) = 16*v + 4. What is the units digit of m(5)?
4
Let l(m) = -m - 5. Let c be l(-8). Suppose -74 = -c*a + a. Suppose -5*q + k = -k - 105, 0 = -3*q - 4*k + a. What is the tens digit of q?
1
Suppose -3*o + 16 = -2*h, 2*o = 4*h + 3 + 13. Let t = o + 0. Suppose -t*u = -u - 72. What is the units digit of u?
4
Let a(u) = u**3 - 5*u**2 - u. Let v be a(5). Let q be (v/1 + 3)/2. Let c = q - -7. What is the units digit of c?
6
Suppose 3*c + c - n = 0, 5*c - n = 0. Suppose 2*q + 3*q - 80 = c. Suppose 2*l = l + q. What is the tens digit of l?
1
Suppose i = -5*b + 12, -b + 0*b + 12 = 5*i. Let d(a) = 8*a**3 - a**2 - 3*a - 2. What is the units digit of d(i)?
2
Let p(u) = -32*u + 8. Let w(h) be the third derivative of 11*h**4/24 - h**3/2 + 5*h**2. Let b(l) = 4*p(l) + 11*w(l). What is the units digit of b(-1)?
6
Let k = 1677 - 1168. What is the units digit of k?
9
Let j be ((-264)/60)/(-1 - 8/(-10)). What is the tens digit of 2028/j - 14/77?
9
Let p(j) = 1131*j - 483. What is the tens digit of p(5)?
7
Suppose 522 = 5*l + 1732. Let g = -140 - l. What is the units digit of g?
2
Let i be (1 - 6/4)*0. Suppose -2*a + 244 = -5*d, 0 = -i*a - 3*a + 2*d + 388. What is the tens digit of a?
3
Let i(d) = -7*d**3 + 11*d**2 - 10*d - 15. Let l(y) = -4*y**3 + 6*y**2 - 5*y - 8. Let h(r) = -3*i(r) + 5*l(r). What is the units digit of h(5)?
0
What is the units digit of (-66)/(-5)*(-2 + (-80)/(-15))?
4
Let m be (-20)/(-70) - 4/14 - 0. Suppose -7*y - 2*v + 995 = -2*y, m = -2*y + 4*v + 398. What is the hundreds digit of y?
1
Let c = 31 - 25. Suppose 0*j = -2*j + c. Suppose j*g = 3*k - 192, 0*k + 2*k - g - 124 = 0. What is the units digit of k?
0
Suppose 0 = -13*p + 2344 + 152. What is the units digit of p?
2
Let s(t) = t**3 - 4*t**2 + 6*t. Let r be s(2). Suppose 3*g = -0*g + 15. Suppose -i - r*i = -g*x - 200, -2*x = -5*i + 191. What is the tens digit of i?
3
Let z(o) = -5*o - 2 + 8 - 1. Let w(t) = t. Let i(l) = -2*w(l) - 2*z(l). What is the tens digit of i(8)?
5
Suppose -12*q - 84 = -o - 13*q, 0 = -2*o - 3*q + 166. What is the units digit of o?
6
Let y(w) = -33*w - 3. Let b be y(-2). Suppose 5*d = 2*f - 10, 5*d = -5*f + 62 + 33. Suppose -b = -3*j - f. What is the tens digit of j?
1
Let h(m) = -m**2 + 11*m + 14. Let g(q) = 6 - 2 + 9 + 4*q**2 + 10*q - 6*q**2. Let u(o) = -7*g(o) + 6*h(o). What is the tens digit of u(-2)?
3
Let v(x) = 13*x**2 - 13*x - 96. What is the tens digit of v(-6)?
5
Let i(n) = n**3 + 7*n**2 + n + 9. Let d be i(-7). Suppose -5*v = -4*m + 943, -d*m - 2*v + 0*v = -476. What is the hundreds digit of m?
2
Suppose 6*n + 157 = -53. What is the tens digit of ((-90)/n)/(2/((-196)/(-3)))?
8
Let k be (-716)/(-6) - (1 - 10/15). Let d = 150 - k. What is the units digit of d?
1
Let s be -3*(-1 + (-20)/12). Let f(d) = 8*d - 90 - d**2 + s*d + 75. What is the units digit of f(12)?
3
Let z be 4 + 8/20*(-5)/(-2). Suppose -w + n = -180, 0 = z*w - 2*n - 117 - 786. What is the hundreds digit of w?
1
Let m(s) = 2*s - 2*s - 61*s**2. Let p(b) = 30*b**2. Let k(d) = -3*m(d) - 5*p(d). What is the units digit of k(1)?
3
What is the tens digit of (3109 + 8)*6/9?
7
Let i = -134 - -224. Suppose 4*z + 30 = i. Let r = 19 + z. What is the tens digit of r?
3
Suppose -g = 0, -7*x + 2*x = -2*g - 1655. What is the units digit of x?
1
Let z = -2 - -10. Let f = z - 6. Let i = f + 16. What is the units digit of i?
8
Let t = 5 - 12. Let o be 103/t + (-8)/28. Let s = -7 - o. What is the units digit of s?
8
Let z = 894 + -32. What is the hundreds digit of z?
8
Suppose -110 = -2*w - 2*f - 0*f, 107 = 2*w + 5*f. Let v = w - 25. What is the tens digit of v?
3
Let l = 11 + -1. Suppose 8*z + 4 = l*z. Suppose 4*d + 22 = y + z*d, y - 22 = -2*d. What is the tens digit of y?
2
Let d = -518 + 917. What is the units digit of d?
9
Let w = -1084 + 473. Let q = w - -881. What is the tens digit of q?
7
Suppose -4*x = -0*x. Let f(j) = 2*j**3 + j**2 + 5*j + 142. What is the hundreds digit of f(x)?
1
Let d(z) = 58*z - 132. What is the hundreds digit of d(14)?
6
S